8771?
23, 3607, 4211
List the prime factors of 229895285.
5, 1013, 45389
What are the prime factors of 5099074518?
2, 3, 311, 839, 3257
What are the prime factors of 85774703?
7, 12253529
List the prime factors of 24782460.
2, 3, 5, 19, 21739
What are the prime factors of 73616667?
3, 199, 123311
List the prime factors of 100857705.
3, 5, 13, 61, 139
List the prime factors of 47242047.
3, 31, 507979
What are the prime factors of 128465370?
2, 3, 5, 11, 129763
What are the prime factors of 2574744?
2, 3, 71, 1511
What are the prime factors of 32959956?
2, 3, 2746663
List the prime factors of 1346766558.
2, 3, 224461093
List the prime factors of 94584577.
94584577
What are the prime factors of 41023589?
41023589
What are the prime factors of 90045856?
2, 67, 41999
List the prime factors of 1695904379.
13, 23, 5671921
What are the prime factors of 308680769?
23, 107, 125429
What are the prime factors of 27277541?
27277541
List the prime factors of 53002104.
2, 3, 2208421
What are the prime factors of 22134030?
2, 3, 5, 737801
What are the prime factors of 809764256?
2, 7, 137, 26387
List the prime factors of 100058733.
3, 139, 8887
List the prime factors of 129252773.
13, 47, 211543
List the prime factors of 1942119816.
2, 3, 7, 13, 23, 41
What are the prime factors of 168105772?
2, 233, 180371
List the prime factors of 1407182170.
2, 5, 419, 335843
What are the prime factors of 25436115?
3, 5, 565247
What are the prime factors of 79217024?
2, 618883
List the prime factors of 99787012.
2, 13, 19, 100999
List the prime factors of 1865487996.
2, 3, 17, 338687
List the prime factors of 18647118.
2, 3, 7, 49331
What are the prime factors of 2814351548?
2, 43, 16362509
List the prime factors of 393116649.
3, 89, 823, 1789
What are the prime factors of 46872770?
2, 5, 7, 669611
What are the prime factors of 2169248787?
3, 41, 5878723
What are the prime factors of 4515314078?
2, 11, 773, 265513
What are the prime factors of 124312111?
7, 11, 1614443
List the prime factors of 4053409908.
2, 3, 47, 7186897
What are the prime factors of 242930620?
2, 5, 1987, 6113
List the prime factors of 2042095.
5, 11, 107, 347
What are the prime factors of 60187098?
2, 3, 19, 41, 79, 163
What are the prime factors of 1972951925?
5, 7, 19, 29, 37, 79
List the prime factors of 2405026249.
43, 109, 131, 3917
What are the prime factors of 622094280?
2, 3, 5, 673, 7703
List the prime factors of 381093656.
2, 47636707
List the prime factors of 3701647851.
3, 11, 251, 40627
List the prime factors of 144725960.
2, 5, 43, 84143
List the prime factors of 815091810.
2, 3, 5, 13, 2089979
What are the prime factors of 252572421?
3, 84190807
List the prime factors of 1155592590.
2, 3, 5, 241, 159833
List the prime factors of 144693929.
4721, 30649
List the prime factors of 1984740478.
2, 7, 1259, 112603
What are the prime factors of 826799561?
7, 23, 5135401
List the prime factors of 5041539.
3, 560171
What are the prime factors of 1682515016?
2, 7, 13, 2311147
What are the prime factors of 97664988?
2, 3, 151, 53899
What are the prime factors of 171273023?
2609, 65647
What are the prime factors of 314847879?
3, 19, 5523647
List the prime factors of 2578607761.
29, 67, 45763
List the prime factors of 390611719.
390611719
List the prime factors of 139294295.
5, 7, 3979837
List the prime factors of 1232025828.
2, 3, 11, 9333529
What are the prime factors of 950430779?
71, 2473, 5413
What are the prime factors of 840257591?
12809, 65599
What are the prime factors of 51792987?
3, 23, 137, 5479
List the prime factors of 1389217682.
2, 29, 269, 89041
List the prime factors of 100698007.
61, 83, 19889
List the prime factors of 302891816.
2, 109, 163, 2131
List the prime factors of 112364528.
2, 269, 26107
List the prime factors of 477494302.
2, 31, 7701521
What are the prime factors of 427872697?
7, 61124671
List the prime factors of 37320296.
2, 13, 241, 1489
What are the prime factors of 268671663?
3, 13, 59, 38921
List the prime factors of 1547450949.
3, 11, 4969, 9437
What are the prime factors of 6165708?
2, 3, 97, 5297
What are the prime factors of 46244596?
2, 277, 41737
List the prime factors of 79203779.
131, 604609
List the prime factors of 124963745.
5, 24992749
List the prime factors of 54529914.
2, 3, 17, 534607
List the prime factors of 14566400.
2, 5, 569
What are the prime factors of 67273709?
17, 13693
List the prime factors of 219265639.
219265639
List the prime factors of 4520328660.
2, 3, 5, 53, 59, 2677
List the prime factors of 2619153554.
2, 41, 1973, 16189
List the prime factors of 24189079.
17, 653, 2179
What are the prime factors of 608039557?
73, 8329309
What are the prime factors of 4684463909?
31, 151111739
List the prime factors of 5701032449.
7, 3529, 32969
List the prime factors of 3649755.
3, 5, 23, 71, 149
What are the prime factors of 7103322546?
2, 3, 1183887091
What are the prime factors of 32569046?
2, 16284523
List the prime factors of 840939090.
2, 3, 5, 28031303
List the prime factors of 53724959.
53724959
List the prime factors of 130209646.
2, 7, 47, 197887
What are the prime factors of 460562258?
2, 13, 23, 79, 9749
List the prime factors of 95942463.
3, 47, 680443
What are the prime factors of 4411734631?
821, 5373611
List the prime factors of 394932780.
2, 3, 5, 11, 17, 3911
What are the prime factors of 1331251736?
2, 8387, 19841
List the prime factors of 3007868.
2, 31, 127, 191
What are the prime factors of 2375473?
2375473
What are the prime factors of 1870463736?
2, 3, 25978663
List the prime factors of 7306790.
2, 5, 730679
What are the prime factors of 2630982225?
3, 5, 29, 1209647
What are the prime factors of 80697272?
2, 389, 25931
List the prime factors of 1035699833.
7, 147957119
What are the prime factors of 102941384?
2, 7, 13, 141403
What are the prime factors of 16875023?
11, 89, 1567
What are the prime factors of 580288942?
2, 23, 191, 66047
List the prime factors of 78535813.
78535813
What are the prime factors of 193268088?
2, 3, 13, 206483
List the prime factors of 67606706.
2, 23, 421, 3491
List the prime factors of 133000705.
5, 311, 85531
What are the prime factors of 1735045228?
2, 7, 17, 3645053
List the prime factors of 8986793.
8986793
List the prime factors of 10534837.
10534837
What are the prime factors of 58818278?
2, 97, 303187
List the prime factors of 405853350.
2, 3, 5, 7, 43, 89, 101
What are the prime factors of 209442244?
2, 11, 17, 19, 14737
What are the prime factors of 22105370?
2, 5, 7, 197, 229
List the prime factors of 678581060.
2, 5, 33929053
What are the prime factors of 460134161?
460134161
What are the prime factors of 5180164418?
2, 11, 13, 17, 31, 34369
What are the prime factors of 156957735?
3, 5, 11, 951259
What are the prime factors of 1722073191?
3, 17, 53, 637097
What are the prime factors of 435474890?
2, 5, 17, 709, 3613
What are the prime factors of 168734525?
5, 6749381
What are the prime factors of 97033628?
2, 43, 564149
What are the prime factors of 123507408?
2, 3, 2573071
List the prime factors of 1087556892.
2, 3, 2003, 45247
List the prime factors of 19387578.
2, 3, 7, 461609
What are the prime factors of 39740688?
2, 3, 13, 23, 71
List the prime factors of 2093820539.
19, 5003, 22027
List the prime factors of 257686616.
2, 11, 43, 68099
List the prime factors of 260273255.
5, 11, 4732241
What are the prime factors of 2747059577?
19, 144582083
List the prime factors of 1497144325.
5, 59885773
What are the prime factors of 1363037209?
31153, 43753
List the prime factors of 32031204.
2, 3, 2669267
List the prime factors of 31562428.
2, 7890607
What are the prime factors of 593938516?
2, 148484629
What are the prime factors of 2511868678?
2, 11, 114175849
What are the prime factors of 25310900?
2, 5, 253109
List the prime factors of 42187664.
2, 661, 3989
What are the prime factors of 40254497?
41, 981817
List the prime factors of 4783083281.
9623, 497047
List the prime factors of 115468771.
11, 131, 227, 353
List the prime factors of 101748507.
3, 7, 349, 13883
What are the prime factors of 27086252?
2, 6771563
List the prime factors of 2061797792.
2, 64431181
What are the prime factors of 8342686?
2, 11, 37, 277
What are the prime factors of 7098101389?
71, 99973259
List th